{"id":7472,"date":"2014-01-14T09:43:35","date_gmt":"2014-01-14T08:43:35","guid":{"rendered":"https:\/\/www.arnaudfonquerne.com\/series\/blocus-de-gaza-linterview-de-pauline-chetcuti\/"},"modified":"2026-08-11T14:27:10","modified_gmt":"2026-08-11T12:27:10","slug":"blocus-de-gaza-linterview-de-pauline-chetcuti","status":"publish","type":"series","link":"https:\/\/www.arnaudfonquerne.com\/en\/series\/blocus-de-gaza-linterview-de-pauline-chetcuti\/","title":{"rendered":"Blocus de Gaza : l&#8217;interview de Pauline Chetcuti"},"content":{"rendered":"<p>&#8220;J&#8217;ai rencontr\u00e9 un paysan qui a \u00e9t\u00e9 forc\u00e9 de br\u00fbler une tonne et demi de basilic, apr\u00e8s avoir attendu en vain pendant une semaine l&#8217;ouverture d&#8217;un point de passage qui est rest\u00e9 ferm\u00e9, sous divers pr\u00e9textes&#8221; raconte Pauline Chetcuti, r\u00e9f\u00e9rente plaidoyer humanitaire \u00e0 ACF.<\/p>\n<figure class=\"wp-block-embed is-type-video is-provider-vimeo wp-block-embed-vimeo wp-embed-aspect-16-9 wp-has-aspect-ratio\">\n<div class=\"wp-block-embed__wrapper\">\n<iframe title=\"Territoires palestiniens occup\u00e9s : l&amp;apos;interview de Pauline Chetcuti\" src=\"https:\/\/player.vimeo.com\/video\/77170216?dnt=1&amp;app_id=122963\" width=\"500\" height=\"281\" frameborder=\"0\" allow=\"autoplay; fullscreen; picture-in-picture; clipboard-write; encrypted-media; web-share\" referrerpolicy=\"strict-origin-when-cross-origin\"><\/iframe>\n<\/div>\n<\/figure>\n","protected":false},"featured_media":4348,"template":"","meta":{"_acf_changed":false,"_gspb_post_css":""},"categorie-series":[206],"class_list":["post-7472","series","type-series","status-publish","has-post-thumbnail","hentry","categorie-series-multimedia"],"acf":[],"_links":{"self":[{"href":"https:\/\/www.arnaudfonquerne.com\/en\/wp-json\/wp\/v2\/series\/7472","targetHints":{"allow":["GET"]}}],"collection":[{"href":"https:\/\/www.arnaudfonquerne.com\/en\/wp-json\/wp\/v2\/series"}],"about":[{"href":"https:\/\/www.arnaudfonquerne.com\/en\/wp-json\/wp\/v2\/types\/series"}],"wp:featuredmedia":[{"embeddable":true,"href":"https:\/\/www.arnaudfonquerne.com\/en\/wp-json\/wp\/v2\/media\/4348"}],"wp:attachment":[{"href":"https:\/\/www.arnaudfonquerne.com\/en\/wp-json\/wp\/v2\/media?parent=7472"}],"wp:term":[{"taxonomy":"categorie-series","embeddable":true,"href":"https:\/\/www.arnaudfonquerne.com\/en\/wp-json\/wp\/v2\/categorie-series?post=7472"}],"curies":[{"name":"wp","href":"https:\/\/api.w.org\/{rel}","templated":true}]}}

<p>&#8220;J&#8217;ai rencontré un paysan qui a été forcé de brûler une tonne et demi de basilic, après avoir attendu en vain pendant une semaine l&#8217;ouverture d&#8217;un point de passage qui est resté fermé, sous divers prétextes&#8221; raconte Pauline Chetcuti, référente plaidoyer humanitaire à ACF.</p>
<figure class="wp-block-embed is-type-video is-provider-vimeo wp-block-embed-vimeo wp-embed-aspect-16-9 wp-has-aspect-ratio">
<div class="wp-block-embed__wrapper">
<iframe title="Territoires palestiniens occupés : l&amp;apos;interview de Pauline Chetcuti" src="https://player.vimeo.com/video/77170216?dnt=1&amp;app_id=122963" width="500" height="281" frameborder="0" allow="autoplay; fullscreen; picture-in-picture; clipboard-write; encrypted-media; web-share" referrerpolicy="strict-origin-when-cross-origin"></iframe>
</div>
</figure>
