{"id":7473,"date":"2014-01-15T09:46:43","date_gmt":"2014-01-15T08:46:43","guid":{"rendered":"https:\/\/www.arnaudfonquerne.com\/series\/linterview-de-ahlam-tarayra\/"},"modified":"2026-08-11T14:27:10","modified_gmt":"2026-08-11T12:27:10","slug":"linterview-de-ahlam-tarayra","status":"publish","type":"series","link":"https:\/\/www.arnaudfonquerne.com\/en\/series\/linterview-de-ahlam-tarayra\/","title":{"rendered":"L&#8217;interview de Ahlam Tarayra"},"content":{"rendered":"<p>Ahlam Tarayra, Responsable Programmes S\u00e9curit\u00e9 Alimentaire \u00e0 ACF (Territoires palestiniens occup\u00e9s), nous raconte son quotidien d&#8217;humanitaire mais aussi de femme&#8230;<\/p>\n\n\n\n<figure class=\"wp-block-embed is-type-video is-provider-vimeo wp-block-embed-vimeo wp-embed-aspect-16-9 wp-has-aspect-ratio\"><div class=\"wp-block-embed__wrapper\">\n<iframe title=\"Territoires palestiniens occup\u00e9s : l&amp;apos;interview de Ahlam Tarayra\" src=\"https:\/\/player.vimeo.com\/video\/76504898?dnt=1&amp;app_id=122963\" width=\"500\" height=\"281\" frameborder=\"0\" allow=\"autoplay; fullscreen; picture-in-picture; clipboard-write; encrypted-media; web-share\" referrerpolicy=\"strict-origin-when-cross-origin\"><\/iframe>\n<\/div><\/figure>\n\n<!-- SERIES-GALLERY-START -->\n<div class=\"gspb_id-gsbp-9866325718507 gspb-dynamic-acf-gallery wp-block-greenshift-blocks-dynamicgallery\"><div class=\"gspb_gallery_grid gspb_gallery_lightbox\"><a href=\"https:\/\/www.arnaudfonquerne.com\/wp-content\/uploads\/2020\/09\/af-22062013-08.jpg\" class=\"imagelink\" title=\"En fin de journ\u00e9e, des enfants de la famille Hawamdeh regardent la t\u00e9l\u00e9vision dans le village de Mufakara.\"><img decoding=\"async\" width=\"1920\" height=\"1080\" src=\"https:\/\/www.arnaudfonquerne.com\/wp-content\/uploads\/2020\/09\/af-22062013-08.jpg\" class=\"attachment-full size-full\" alt=\"\" loading=\"lazy\" srcset=\"https:\/\/www.arnaudfonquerne.com\/wp-content\/uploads\/2020\/09\/af-22062013-08.jpg 1920w, https:\/\/www.arnaudfonquerne.com\/wp-content\/uploads\/2020\/09\/af-22062013-08-1280x720.jpg 1280w, https:\/\/www.arnaudfonquerne.com\/wp-content\/uploads\/2020\/09\/af-22062013-08-768x432.jpg 768w, https:\/\/www.arnaudfonquerne.com\/wp-content\/uploads\/2020\/09\/af-22062013-08-1536x864.jpg 1536w, https:\/\/www.arnaudfonquerne.com\/wp-content\/uploads\/2020\/09\/af-22062013-08-600x338.jpg 600w\" sizes=\"auto, (max-width: 1920px) 100vw, 1920px\" \/><\/a><a href=\"https:\/\/www.arnaudfonquerne.com\/wp-content\/uploads\/2013\/09\/af-13042013-06.jpg\" class=\"imagelink\" title=\"Portraits de plaques de verre de juifs tu\u00e9s lors du massacre de 1929 \u00e0 H\u00e9bron.\"><img decoding=\"async\" width=\"1920\" height=\"1080\" src=\"https:\/\/www.arnaudfonquerne.com\/wp-content\/uploads\/2013\/09\/af-13042013-06.jpg\" class=\"attachment-full size-full\" alt=\"\" loading=\"lazy\" srcset=\"https:\/\/www.arnaudfonquerne.com\/wp-content\/uploads\/2013\/09\/af-13042013-06.jpg 1920w, https:\/\/www.arnaudfonquerne.com\/wp-content\/uploads\/2013\/09\/af-13042013-06-1280x720.jpg 1280w, https:\/\/www.arnaudfonquerne.com\/wp-content\/uploads\/2013\/09\/af-13042013-06-768x432.jpg 768w, https:\/\/www.arnaudfonquerne.com\/wp-content\/uploads\/2013\/09\/af-13042013-06-1536x864.jpg 1536w, https:\/\/www.arnaudfonquerne.com\/wp-content\/uploads\/2013\/09\/af-13042013-06-600x338.jpg 600w\" sizes=\"auto, (max-width: 1920px) 100vw, 1920px\" \/><\/a><a href=\"https:\/\/www.arnaudfonquerne.com\/wp-content\/uploads\/2013\/09\/af-03042013-02.jpg\" class=\"imagelink\" title=\"Le fr\u00e8re d&#039;Ayman \u00e9galement brul\u00e9 lors d&#039;une attaque au cocktail Molotov par des colons\"><img decoding=\"async\" width=\"1920\" height=\"1080\" src=\"https:\/\/www.arnaudfonquerne.com\/wp-content\/uploads\/2013\/09\/af-03042013-02.jpg\" class=\"attachment-full size-full\" alt=\"\" loading=\"lazy\" srcset=\"https:\/\/www.arnaudfonquerne.com\/wp-content\/uploads\/2013\/09\/af-03042013-02.jpg 1920w, https:\/\/www.arnaudfonquerne.com\/wp-content\/uploads\/2013\/09\/af-03042013-02-1280x720.jpg 1280w, https:\/\/www.arnaudfonquerne.com\/wp-content\/uploads\/2013\/09\/af-03042013-02-768x432.jpg 768w, https:\/\/www.arnaudfonquerne.com\/wp-content\/uploads\/2013\/09\/af-03042013-02-1536x864.jpg 1536w, https:\/\/www.arnaudfonquerne.com\/wp-content\/uploads\/2013\/09\/af-03042013-02-600x338.jpg 600w\" sizes=\"auto, (max-width: 1920px) 100vw, 1920px\" \/><\/a><a href=\"https:\/\/www.arnaudfonquerne.com\/wp-content\/uploads\/2013\/09\/af-10062013-04.jpg\" class=\"imagelink\" title=\"Portrait du gardien d&#039;une mosqu\u00e9e ferm\u00e9e, non loin de la z\u00f4ne colonis\u00e9e d&#039;H\u00e9bron.\"><img decoding=\"async\" width=\"1920\" height=\"1080\" src=\"https:\/\/www.arnaudfonquerne.com\/wp-content\/uploads\/2013\/09\/af-10062013-04.jpg\" class=\"attachment-full size-full\" alt=\"\" loading=\"lazy\" srcset=\"https:\/\/www.arnaudfonquerne.com\/wp-content\/uploads\/2013\/09\/af-10062013-04.jpg 1920w, https:\/\/www.arnaudfonquerne.com\/wp-content\/uploads\/2013\/09\/af-10062013-04-1280x720.jpg 1280w, https:\/\/www.arnaudfonquerne.com\/wp-content\/uploads\/2013\/09\/af-10062013-04-768x432.jpg 768w, https:\/\/www.arnaudfonquerne.com\/wp-content\/uploads\/2013\/09\/af-10062013-04-1536x864.jpg 1536w, https:\/\/www.arnaudfonquerne.com\/wp-content\/uploads\/2013\/09\/af-10062013-04-600x338.jpg 600w\" sizes=\"auto, (max-width: 1920px) 100vw, 1920px\" \/><\/a><a href=\"https:\/\/www.arnaudfonquerne.com\/wp-content\/uploads\/2013\/09\/af-10062013-05.jpg\" class=\"imagelink\" title=\"Portrait du gardien d&#039;une mosqu\u00e9e ferm\u00e9e, non loin de la z\u00f4ne colonis\u00e9e d&#039;H\u00e9bron.\"><img decoding=\"async\" width=\"1920\" height=\"1080\" src=\"https:\/\/www.arnaudfonquerne.com\/wp-content\/uploads\/2013\/09\/af-10062013-05.jpg\" class=\"attachment-full size-full\" alt=\"\" loading=\"lazy\" srcset=\"https:\/\/www.arnaudfonquerne.com\/wp-content\/uploads\/2013\/09\/af-10062013-05.jpg 1920w, https:\/\/www.arnaudfonquerne.com\/wp-content\/uploads\/2013\/09\/af-10062013-05-1280x720.jpg 1280w, https:\/\/www.arnaudfonquerne.com\/wp-content\/uploads\/2013\/09\/af-10062013-05-768x432.jpg 768w, https:\/\/www.arnaudfonquerne.com\/wp-content\/uploads\/2013\/09\/af-10062013-05-1536x864.jpg 1536w, https:\/\/www.arnaudfonquerne.com\/wp-content\/uploads\/2013\/09\/af-10062013-05-600x338.jpg 600w\" sizes=\"auto, (max-width: 1920px) 100vw, 1920px\" \/><\/a><a href=\"https:\/\/www.arnaudfonquerne.com\/wp-content\/uploads\/2013\/09\/af-07062013-03.jpg\" class=\"imagelink\" title=\"Mahmoud Hawamdeh dans le village de Mufakara (collines du sud d&#039;H\u00e9bron).\"><img decoding=\"async\" width=\"1920\" height=\"1080\" src=\"https:\/\/www.arnaudfonquerne.com\/wp-content\/uploads\/2013\/09\/af-07062013-03.jpg\" class=\"attachment-full size-full\" alt=\"\" loading=\"lazy\" srcset=\"https:\/\/www.arnaudfonquerne.com\/wp-content\/uploads\/2013\/09\/af-07062013-03.jpg 1920w, https:\/\/www.arnaudfonquerne.com\/wp-content\/uploads\/2013\/09\/af-07062013-03-1280x720.jpg 1280w, https:\/\/www.arnaudfonquerne.com\/wp-content\/uploads\/2013\/09\/af-07062013-03-768x432.jpg 768w, https:\/\/www.arnaudfonquerne.com\/wp-content\/uploads\/2013\/09\/af-07062013-03-1536x864.jpg 1536w, https:\/\/www.arnaudfonquerne.com\/wp-content\/uploads\/2013\/09\/af-07062013-03-600x338.jpg 600w\" sizes=\"auto, (max-width: 1920px) 100vw, 1920px\" \/><\/a><\/div><\/div>\n<!-- SERIES-GALLERY-END -->\n\n","protected":false},"featured_media":4350,"template":"","meta":{"_acf_changed":false,"_gspb_post_css":""},"categorie-series":[206],"class_list":["post-7473","series","type-series","status-publish","has-post-thumbnail","hentry","categorie-series-multimedia"],"acf":[],"_links":{"self":[{"href":"https:\/\/www.arnaudfonquerne.com\/en\/wp-json\/wp\/v2\/series\/7473","targetHints":{"allow":["GET"]}}],"collection":[{"href":"https:\/\/www.arnaudfonquerne.com\/en\/wp-json\/wp\/v2\/series"}],"about":[{"href":"https:\/\/www.arnaudfonquerne.com\/en\/wp-json\/wp\/v2\/types\/series"}],"wp:featuredmedia":[{"embeddable":true,"href":"https:\/\/www.arnaudfonquerne.com\/en\/wp-json\/wp\/v2\/media\/4350"}],"wp:attachment":[{"href":"https:\/\/www.arnaudfonquerne.com\/en\/wp-json\/wp\/v2\/media?parent=7473"}],"wp:term":[{"taxonomy":"categorie-series","embeddable":true,"href":"https:\/\/www.arnaudfonquerne.com\/en\/wp-json\/wp\/v2\/categorie-series?post=7473"}],"curies":[{"name":"wp","href":"https:\/\/api.w.org\/{rel}","templated":true}]}}

<p>Ahlam Tarayra, Responsable Programmes Sécurité Alimentaire à ACF (Territoires palestiniens occupés), nous raconte son quotidien d&#8217;humanitaire mais aussi de femme&#8230;</p>



<figure class="wp-block-embed is-type-video is-provider-vimeo wp-block-embed-vimeo wp-embed-aspect-16-9 wp-has-aspect-ratio"><div class="wp-block-embed__wrapper">
<iframe title="Territoires palestiniens occupés : l&amp;apos;interview de Ahlam Tarayra" src="https://player.vimeo.com/video/76504898?dnt=1&amp;app_id=122963" width="500" height="281" frameborder="0" allow="autoplay; fullscreen; picture-in-picture; clipboard-write; encrypted-media; web-share" referrerpolicy="strict-origin-when-cross-origin"></iframe>
</div></figure>

<!-- SERIES-GALLERY-START -->
<div class="gspb_id-gsbp-9866325718507 gspb-dynamic-acf-gallery wp-block-greenshift-blocks-dynamicgallery"><div class="gspb_gallery_grid gspb_gallery_lightbox"><a href="https://www.arnaudfonquerne.com/wp-content/uploads/2020/09/af-22062013-08.jpg" class="imagelink" title="En fin de journée, des enfants de la famille Hawamdeh regardent la télévision dans le village de Mufakara."><img decoding="async" width="1920" height="1080" src="https://www.arnaudfonquerne.com/wp-content/uploads/2020/09/af-22062013-08.jpg" class="attachment-full size-full" alt="" loading="lazy" srcset="https://www.arnaudfonquerne.com/wp-content/uploads/2020/09/af-22062013-08.jpg 1920w, https://www.arnaudfonquerne.com/wp-content/uploads/2020/09/af-22062013-08-1280x720.jpg 1280w, https://www.arnaudfonquerne.com/wp-content/uploads/2020/09/af-22062013-08-768x432.jpg 768w, https://www.arnaudfonquerne.com/wp-content/uploads/2020/09/af-22062013-08-1536x864.jpg 1536w, https://www.arnaudfonquerne.com/wp-content/uploads/2020/09/af-22062013-08-600x338.jpg 600w" sizes="auto, (max-width: 1920px) 100vw, 1920px" /></a><a href="https://www.arnaudfonquerne.com/wp-content/uploads/2013/09/af-13042013-06.jpg" class="imagelink" title="Portraits de plaques de verre de juifs tués lors du massacre de 1929 à Hébron."><img decoding="async" width="1920" height="1080" src="https://www.arnaudfonquerne.com/wp-content/uploads/2013/09/af-13042013-06.jpg" class="attachment-full size-full" alt="" loading="lazy" srcset="https://www.arnaudfonquerne.com/wp-content/uploads/2013/09/af-13042013-06.jpg 1920w, https://www.arnaudfonquerne.com/wp-content/uploads/2013/09/af-13042013-06-1280x720.jpg 1280w, https://www.arnaudfonquerne.com/wp-content/uploads/2013/09/af-13042013-06-768x432.jpg 768w, https://www.arnaudfonquerne.com/wp-content/uploads/2013/09/af-13042013-06-1536x864.jpg 1536w, https://www.arnaudfonquerne.com/wp-content/uploads/2013/09/af-13042013-06-600x338.jpg 600w" sizes="auto, (max-width: 1920px) 100vw, 1920px" /></a><a href="https://www.arnaudfonquerne.com/wp-content/uploads/2013/09/af-03042013-02.jpg" class="imagelink" title="Le frère d&#039;Ayman également brulé lors d&#039;une attaque au cocktail Molotov par des colons"><img decoding="async" width="1920" height="1080" src="https://www.arnaudfonquerne.com/wp-content/uploads/2013/09/af-03042013-02.jpg" class="attachment-full size-full" alt="" loading="lazy" srcset="https://www.arnaudfonquerne.com/wp-content/uploads/2013/09/af-03042013-02.jpg 1920w, https://www.arnaudfonquerne.com/wp-content/uploads/2013/09/af-03042013-02-1280x720.jpg 1280w, https://www.arnaudfonquerne.com/wp-content/uploads/2013/09/af-03042013-02-768x432.jpg 768w, https://www.arnaudfonquerne.com/wp-content/uploads/2013/09/af-03042013-02-1536x864.jpg 1536w, https://www.arnaudfonquerne.com/wp-content/uploads/2013/09/af-03042013-02-600x338.jpg 600w" sizes="auto, (max-width: 1920px) 100vw, 1920px" /></a><a href="https://www.arnaudfonquerne.com/wp-content/uploads/2013/09/af-10062013-04.jpg" class="imagelink" title="Portrait du gardien d&#039;une mosquée fermée, non loin de la zône colonisée d&#039;Hébron."><img decoding="async" width="1920" height="1080" src="https://www.arnaudfonquerne.com/wp-content/uploads/2013/09/af-10062013-04.jpg" class="attachment-full size-full" alt="" loading="lazy" srcset="https://www.arnaudfonquerne.com/wp-content/uploads/2013/09/af-10062013-04.jpg 1920w, https://www.arnaudfonquerne.com/wp-content/uploads/2013/09/af-10062013-04-1280x720.jpg 1280w, https://www.arnaudfonquerne.com/wp-content/uploads/2013/09/af-10062013-04-768x432.jpg 768w, https://www.arnaudfonquerne.com/wp-content/uploads/2013/09/af-10062013-04-1536x864.jpg 1536w, https://www.arnaudfonquerne.com/wp-content/uploads/2013/09/af-10062013-04-600x338.jpg 600w" sizes="auto, (max-width: 1920px) 100vw, 1920px" /></a><a href="https://www.arnaudfonquerne.com/wp-content/uploads/2013/09/af-10062013-05.jpg" class="imagelink" title="Portrait du gardien d&#039;une mosquée fermée, non loin de la zône colonisée d&#039;Hébron."><img decoding="async" width="1920" height="1080" src="https://www.arnaudfonquerne.com/wp-content/uploads/2013/09/af-10062013-05.jpg" class="attachment-full size-full" alt="" loading="lazy" srcset="https://www.arnaudfonquerne.com/wp-content/uploads/2013/09/af-10062013-05.jpg 1920w, https://www.arnaudfonquerne.com/wp-content/uploads/2013/09/af-10062013-05-1280x720.jpg 1280w, https://www.arnaudfonquerne.com/wp-content/uploads/2013/09/af-10062013-05-768x432.jpg 768w, https://www.arnaudfonquerne.com/wp-content/uploads/2013/09/af-10062013-05-1536x864.jpg 1536w, https://www.arnaudfonquerne.com/wp-content/uploads/2013/09/af-10062013-05-600x338.jpg 600w" sizes="auto, (max-width: 1920px) 100vw, 1920px" /></a><a href="https://www.arnaudfonquerne.com/wp-content/uploads/2013/09/af-07062013-03.jpg" class="imagelink" title="Mahmoud Hawamdeh dans le village de Mufakara (collines du sud d&#039;Hébron)."><img decoding="async" width="1920" height="1080" src="https://www.arnaudfonquerne.com/wp-content/uploads/2013/09/af-07062013-03.jpg" class="attachment-full size-full" alt="" loading="lazy" srcset="https://www.arnaudfonquerne.com/wp-content/uploads/2013/09/af-07062013-03.jpg 1920w, https://www.arnaudfonquerne.com/wp-content/uploads/2013/09/af-07062013-03-1280x720.jpg 1280w, https://www.arnaudfonquerne.com/wp-content/uploads/2013/09/af-07062013-03-768x432.jpg 768w, https://www.arnaudfonquerne.com/wp-content/uploads/2013/09/af-07062013-03-1536x864.jpg 1536w, https://www.arnaudfonquerne.com/wp-content/uploads/2013/09/af-07062013-03-600x338.jpg 600w" sizes="auto, (max-width: 1920px) 100vw, 1920px" /></a></div></div>
<!-- SERIES-GALLERY-END -->
