{"id":7484,"date":"2018-02-13T11:32:54","date_gmt":"2018-02-13T10:32:54","guid":{"rendered":"https:\/\/www.arnaudfonquerne.com\/series\/la-fabrique-nomade\/"},"modified":"2026-08-11T14:27:11","modified_gmt":"2026-08-11T12:27:11","slug":"la-fabrique-nomade","status":"publish","type":"series","link":"https:\/\/www.arnaudfonquerne.com\/en\/series\/la-fabrique-nomade\/","title":{"rendered":"La Fabrique Nomade"},"content":{"rendered":"<h3>Collaboration.<\/h3>\n\n\n\n<p><strong>La Fabrique Nomade<\/strong> &#8211; Portraits. Paris, f\u00e9vrier 2018.<\/p>\n\n<!-- SERIES-GALLERY-START -->\n<div class=\"gspb_id-gsbp-f8fe691519208 gspb-dynamic-acf-gallery wp-block-greenshift-blocks-dynamicgallery\"><div class=\"gspb_gallery_grid gspb_gallery_lightbox\"><a href=\"https:\/\/www.arnaudfonquerne.com\/wp-content\/uploads\/2018\/02\/af-13022018-dsf5643.jpg\" class=\"imagelink\" title=\"Portraits of Caroline Venet and Lhamo, 27, Tibetan. Lhamo lives in Sarcelles with her husband and two daughters aged 5 and 11. She arrived in France in July 2017. Paris, February 13, 2018.\nPortraits de Caroline Venet et de Lhamo, 27 ans, tib\u00e9taine. Lhamo vit \u00e0 Sarcelles avec son mari et ses deux filles de 5 et 11 ans. Elle est arriv\u00e9e en France en juillet 2017. Paris, le 13 f\u00e9vrier 2018.\"><img decoding=\"async\" width=\"1920\" height=\"1280\" src=\"https:\/\/www.arnaudfonquerne.com\/wp-content\/uploads\/2018\/02\/af-13022018-dsf5643.jpg\" class=\"attachment-full size-full\" alt=\"\" loading=\"lazy\" srcset=\"https:\/\/www.arnaudfonquerne.com\/wp-content\/uploads\/2018\/02\/af-13022018-dsf5643.jpg 1920w, https:\/\/www.arnaudfonquerne.com\/wp-content\/uploads\/2018\/02\/af-13022018-dsf5643-1280x853.jpg 1280w, https:\/\/www.arnaudfonquerne.com\/wp-content\/uploads\/2018\/02\/af-13022018-dsf5643-768x512.jpg 768w, https:\/\/www.arnaudfonquerne.com\/wp-content\/uploads\/2018\/02\/af-13022018-dsf5643-1536x1024.jpg 1536w, https:\/\/www.arnaudfonquerne.com\/wp-content\/uploads\/2018\/02\/af-13022018-dsf5643-600x400.jpg 600w\" sizes=\"auto, (max-width: 1920px) 100vw, 1920px\" \/><\/a><a href=\"https:\/\/www.arnaudfonquerne.com\/wp-content\/uploads\/2018\/02\/af-13022018-dsf5665.jpg\" class=\"imagelink\" title=\"Portrait of Amandine Simon, cellist. Paris, February 13, 2018.\rPortrait de Amandine Simon, violoncelliste. Paris, le 13 f\u00e9vrier 2018.\"><img decoding=\"async\" width=\"1920\" height=\"1280\" src=\"https:\/\/www.arnaudfonquerne.com\/wp-content\/uploads\/2018\/02\/af-13022018-dsf5665.jpg\" class=\"attachment-full size-full\" alt=\"\" loading=\"lazy\" srcset=\"https:\/\/www.arnaudfonquerne.com\/wp-content\/uploads\/2018\/02\/af-13022018-dsf5665.jpg 1920w, https:\/\/www.arnaudfonquerne.com\/wp-content\/uploads\/2018\/02\/af-13022018-dsf5665-1280x853.jpg 1280w, https:\/\/www.arnaudfonquerne.com\/wp-content\/uploads\/2018\/02\/af-13022018-dsf5665-768x512.jpg 768w, https:\/\/www.arnaudfonquerne.com\/wp-content\/uploads\/2018\/02\/af-13022018-dsf5665-1536x1024.jpg 1536w, https:\/\/www.arnaudfonquerne.com\/wp-content\/uploads\/2018\/02\/af-13022018-dsf5665-600x400.jpg 600w\" sizes=\"auto, (max-width: 1920px) 100vw, 1920px\" \/><\/a><a href=\"https:\/\/www.arnaudfonquerne.com\/wp-content\/uploads\/2018\/02\/af-13022018-dsf5746.jpg\" class=\"imagelink\" title=\"Portrait of Chlo\u00e9 Levesque. Graduate of ESAA Duperr\u00e9, continuing her studies in Copenhagen has allowed her to deepen her knowledge of textile printing and develop a strong taste for color and pattern. Since 2012, she has been developing, among other things, the colors and prints of the Moismont scarf brand. Paris, February 13, 2018.\nPortrait de Chlo\u00e9 Levesque. Dipl\u00f4m\u00e9e de l\u2019ESAA Duperr\u00e9, la poursuite de ses \u00e9tudes \u00e0 Copenhague lui a permis d\u2019approfondir ses connaissances en impression textile et de d\u00e9velopper un go\u00fbt prononc\u00e9 pour la couleur et le motif. Depuis 2012, elle d\u00e9veloppe, entre autres, les couleurs et les imprim\u00e9s de la marque d\u2018\u00e9charpes Moismont. Paris, le 13 f\u00e9vrier 2018.\"><img decoding=\"async\" width=\"1920\" height=\"1280\" src=\"https:\/\/www.arnaudfonquerne.com\/wp-content\/uploads\/2018\/02\/af-13022018-dsf5746.jpg\" class=\"attachment-full size-full\" alt=\"\" loading=\"lazy\" srcset=\"https:\/\/www.arnaudfonquerne.com\/wp-content\/uploads\/2018\/02\/af-13022018-dsf5746.jpg 1920w, https:\/\/www.arnaudfonquerne.com\/wp-content\/uploads\/2018\/02\/af-13022018-dsf5746-1280x853.jpg 1280w, https:\/\/www.arnaudfonquerne.com\/wp-content\/uploads\/2018\/02\/af-13022018-dsf5746-768x512.jpg 768w, https:\/\/www.arnaudfonquerne.com\/wp-content\/uploads\/2018\/02\/af-13022018-dsf5746-1536x1024.jpg 1536w, https:\/\/www.arnaudfonquerne.com\/wp-content\/uploads\/2018\/02\/af-13022018-dsf5746-600x400.jpg 600w\" sizes=\"auto, (max-width: 1920px) 100vw, 1920px\" \/><\/a><a href=\"https:\/\/www.arnaudfonquerne.com\/wp-content\/uploads\/2018\/02\/af-13022018-dsf5768.jpg\" class=\"imagelink\" title=\"Portraits of Pauline Androlus and Georges, a 39-year-old Syrian metalworker. Paris, February 13, 2018.\nPortraits de Pauline Androlus et de Georges, m\u00e9tallier de 39 ans, syrien. Paris, le 13 f\u00e9vrier 2018.\"><img decoding=\"async\" width=\"1920\" height=\"1280\" src=\"https:\/\/www.arnaudfonquerne.com\/wp-content\/uploads\/2018\/02\/af-13022018-dsf5768.jpg\" class=\"attachment-full size-full\" alt=\"\" loading=\"lazy\" srcset=\"https:\/\/www.arnaudfonquerne.com\/wp-content\/uploads\/2018\/02\/af-13022018-dsf5768.jpg 1920w, https:\/\/www.arnaudfonquerne.com\/wp-content\/uploads\/2018\/02\/af-13022018-dsf5768-1280x853.jpg 1280w, https:\/\/www.arnaudfonquerne.com\/wp-content\/uploads\/2018\/02\/af-13022018-dsf5768-768x512.jpg 768w, https:\/\/www.arnaudfonquerne.com\/wp-content\/uploads\/2018\/02\/af-13022018-dsf5768-1536x1024.jpg 1536w, https:\/\/www.arnaudfonquerne.com\/wp-content\/uploads\/2018\/02\/af-13022018-dsf5768-600x400.jpg 600w\" sizes=\"auto, (max-width: 1920px) 100vw, 1920px\" \/><\/a><a href=\"https:\/\/www.arnaudfonquerne.com\/wp-content\/uploads\/2018\/02\/af-13022018-dsf5798.jpg\" class=\"imagelink\" title=\"Portrait of Pauline Androlus. Graduated from a double training in furniture design and objects at the school Boulle, and textile-materials-surface design at the school Duperr\u00e9, I am a multidisciplinary designer.Paris, February 13, 2018.\r\rPortrait de Pauline Androlus. Dipl\u00f4m\u00e9e d\u2019une double formation en design de mobilier et d\u2019objets \u00e0 l\u2019\u00e9cole Boulle, et en design textile-mat\u00e9riaux-surface \u00e0 l\u2019\u00e9cole Duperr\u00e9, elle est designer pluridisciplinaire. Paris, le 13 f\u00e9vrier 2018.\"><img decoding=\"async\" width=\"1920\" height=\"1280\" src=\"https:\/\/www.arnaudfonquerne.com\/wp-content\/uploads\/2018\/02\/af-13022018-dsf5798.jpg\" class=\"attachment-full size-full\" alt=\"\" loading=\"lazy\" srcset=\"https:\/\/www.arnaudfonquerne.com\/wp-content\/uploads\/2018\/02\/af-13022018-dsf5798.jpg 1920w, https:\/\/www.arnaudfonquerne.com\/wp-content\/uploads\/2018\/02\/af-13022018-dsf5798-1280x853.jpg 1280w, https:\/\/www.arnaudfonquerne.com\/wp-content\/uploads\/2018\/02\/af-13022018-dsf5798-768x512.jpg 768w, https:\/\/www.arnaudfonquerne.com\/wp-content\/uploads\/2018\/02\/af-13022018-dsf5798-1536x1024.jpg 1536w, https:\/\/www.arnaudfonquerne.com\/wp-content\/uploads\/2018\/02\/af-13022018-dsf5798-600x400.jpg 600w\" sizes=\"auto, (max-width: 1920px) 100vw, 1920px\" \/><\/a><a href=\"https:\/\/www.arnaudfonquerne.com\/wp-content\/uploads\/2018\/02\/af-13022018-l1003562.jpg\" class=\"imagelink\" title=\"Portraits, from left to right: Lola Day, co-founder of Banco Studio, Zaker, 21-year-old Afghan leatherworker, and Amandine Simon, cellist. Paris, February 13, 2018. \nPortraits, de gauche \u00e0 droite : Lola Day, co-fondatrice chez Banco Studio, Zaker, maroquinier afghan de 21 ans, et Amandine Simon, violoncelliste. Paris, le 13 f\u00e9vrier 2018.\"><img decoding=\"async\" width=\"1920\" height=\"1283\" src=\"https:\/\/www.arnaudfonquerne.com\/wp-content\/uploads\/2018\/02\/af-13022018-l1003562.jpg\" class=\"attachment-full size-full\" alt=\"\" loading=\"lazy\" srcset=\"https:\/\/www.arnaudfonquerne.com\/wp-content\/uploads\/2018\/02\/af-13022018-l1003562.jpg 1920w, https:\/\/www.arnaudfonquerne.com\/wp-content\/uploads\/2018\/02\/af-13022018-l1003562-1280x855.jpg 1280w, https:\/\/www.arnaudfonquerne.com\/wp-content\/uploads\/2018\/02\/af-13022018-l1003562-768x513.jpg 768w, https:\/\/www.arnaudfonquerne.com\/wp-content\/uploads\/2018\/02\/af-13022018-l1003562-1536x1026.jpg 1536w, https:\/\/www.arnaudfonquerne.com\/wp-content\/uploads\/2018\/02\/af-13022018-l1003562-600x401.jpg 600w\" sizes=\"auto, (max-width: 1920px) 100vw, 1920px\" \/><\/a><\/div><\/div>\n<!-- SERIES-GALLERY-END -->\n\n","protected":false},"featured_media":4615,"template":"","meta":{"_acf_changed":false,"_gspb_post_css":""},"categorie-series":[209],"class_list":["post-7484","series","type-series","status-publish","has-post-thumbnail","hentry","categorie-series-corporate"],"acf":[],"_links":{"self":[{"href":"https:\/\/www.arnaudfonquerne.com\/en\/wp-json\/wp\/v2\/series\/7484","targetHints":{"allow":["GET"]}}],"collection":[{"href":"https:\/\/www.arnaudfonquerne.com\/en\/wp-json\/wp\/v2\/series"}],"about":[{"href":"https:\/\/www.arnaudfonquerne.com\/en\/wp-json\/wp\/v2\/types\/series"}],"wp:featuredmedia":[{"embeddable":true,"href":"https:\/\/www.arnaudfonquerne.com\/en\/wp-json\/wp\/v2\/media\/4615"}],"wp:attachment":[{"href":"https:\/\/www.arnaudfonquerne.com\/en\/wp-json\/wp\/v2\/media?parent=7484"}],"wp:term":[{"taxonomy":"categorie-series","embeddable":true,"href":"https:\/\/www.arnaudfonquerne.com\/en\/wp-json\/wp\/v2\/categorie-series?post=7484"}],"curies":[{"name":"wp","href":"https:\/\/api.w.org\/{rel}","templated":true}]}}

<h3>Collaboration.</h3>



<p><strong>La Fabrique Nomade</strong> &#8211; Portraits. Paris, février 2018.</p>

<!-- SERIES-GALLERY-START -->
<div class="gspb_id-gsbp-f8fe691519208 gspb-dynamic-acf-gallery wp-block-greenshift-blocks-dynamicgallery"><div class="gspb_gallery_grid gspb_gallery_lightbox"><a href="https://www.arnaudfonquerne.com/wp-content/uploads/2018/02/af-13022018-dsf5643.jpg" class="imagelink" title="Portraits of Caroline Venet and Lhamo, 27, Tibetan. Lhamo lives in Sarcelles with her husband and two daughters aged 5 and 11. She arrived in France in July 2017. Paris, February 13, 2018.
Portraits de Caroline Venet et de Lhamo, 27 ans, tibétaine. Lhamo vit à Sarcelles avec son mari et ses deux filles de 5 et 11 ans. Elle est arrivée en France en juillet 2017. Paris, le 13 février 2018."><img decoding="async" width="1920" height="1280" src="https://www.arnaudfonquerne.com/wp-content/uploads/2018/02/af-13022018-dsf5643.jpg" class="attachment-full size-full" alt="" loading="lazy" srcset="https://www.arnaudfonquerne.com/wp-content/uploads/2018/02/af-13022018-dsf5643.jpg 1920w, https://www.arnaudfonquerne.com/wp-content/uploads/2018/02/af-13022018-dsf5643-1280x853.jpg 1280w, https://www.arnaudfonquerne.com/wp-content/uploads/2018/02/af-13022018-dsf5643-768x512.jpg 768w, https://www.arnaudfonquerne.com/wp-content/uploads/2018/02/af-13022018-dsf5643-1536x1024.jpg 1536w, https://www.arnaudfonquerne.com/wp-content/uploads/2018/02/af-13022018-dsf5643-600x400.jpg 600w" sizes="auto, (max-width: 1920px) 100vw, 1920px" /></a><a href="https://www.arnaudfonquerne.com/wp-content/uploads/2018/02/af-13022018-dsf5665.jpg" class="imagelink" title="Portrait of Amandine Simon, cellist. Paris, February 13, 2018.Portrait de Amandine Simon, violoncelliste. Paris, le 13 février 2018."><img decoding="async" width="1920" height="1280" src="https://www.arnaudfonquerne.com/wp-content/uploads/2018/02/af-13022018-dsf5665.jpg" class="attachment-full size-full" alt="" loading="lazy" srcset="https://www.arnaudfonquerne.com/wp-content/uploads/2018/02/af-13022018-dsf5665.jpg 1920w, https://www.arnaudfonquerne.com/wp-content/uploads/2018/02/af-13022018-dsf5665-1280x853.jpg 1280w, https://www.arnaudfonquerne.com/wp-content/uploads/2018/02/af-13022018-dsf5665-768x512.jpg 768w, https://www.arnaudfonquerne.com/wp-content/uploads/2018/02/af-13022018-dsf5665-1536x1024.jpg 1536w, https://www.arnaudfonquerne.com/wp-content/uploads/2018/02/af-13022018-dsf5665-600x400.jpg 600w" sizes="auto, (max-width: 1920px) 100vw, 1920px" /></a><a href="https://www.arnaudfonquerne.com/wp-content/uploads/2018/02/af-13022018-dsf5746.jpg" class="imagelink" title="Portrait of Chloé Levesque. Graduate of ESAA Duperré, continuing her studies in Copenhagen has allowed her to deepen her knowledge of textile printing and develop a strong taste for color and pattern. Since 2012, she has been developing, among other things, the colors and prints of the Moismont scarf brand. Paris, February 13, 2018.
Portrait de Chloé Levesque. Diplômée de l’ESAA Duperré, la poursuite de ses études à Copenhague lui a permis d’approfondir ses connaissances en impression textile et de développer un goût prononcé pour la couleur et le motif. Depuis 2012, elle développe, entre autres, les couleurs et les imprimés de la marque d‘écharpes Moismont. Paris, le 13 février 2018."><img decoding="async" width="1920" height="1280" src="https://www.arnaudfonquerne.com/wp-content/uploads/2018/02/af-13022018-dsf5746.jpg" class="attachment-full size-full" alt="" loading="lazy" srcset="https://www.arnaudfonquerne.com/wp-content/uploads/2018/02/af-13022018-dsf5746.jpg 1920w, https://www.arnaudfonquerne.com/wp-content/uploads/2018/02/af-13022018-dsf5746-1280x853.jpg 1280w, https://www.arnaudfonquerne.com/wp-content/uploads/2018/02/af-13022018-dsf5746-768x512.jpg 768w, https://www.arnaudfonquerne.com/wp-content/uploads/2018/02/af-13022018-dsf5746-1536x1024.jpg 1536w, https://www.arnaudfonquerne.com/wp-content/uploads/2018/02/af-13022018-dsf5746-600x400.jpg 600w" sizes="auto, (max-width: 1920px) 100vw, 1920px" /></a><a href="https://www.arnaudfonquerne.com/wp-content/uploads/2018/02/af-13022018-dsf5768.jpg" class="imagelink" title="Portraits of Pauline Androlus and Georges, a 39-year-old Syrian metalworker. Paris, February 13, 2018.
Portraits de Pauline Androlus et de Georges, métallier de 39 ans, syrien. Paris, le 13 février 2018."><img decoding="async" width="1920" height="1280" src="https://www.arnaudfonquerne.com/wp-content/uploads/2018/02/af-13022018-dsf5768.jpg" class="attachment-full size-full" alt="" loading="lazy" srcset="https://www.arnaudfonquerne.com/wp-content/uploads/2018/02/af-13022018-dsf5768.jpg 1920w, https://www.arnaudfonquerne.com/wp-content/uploads/2018/02/af-13022018-dsf5768-1280x853.jpg 1280w, https://www.arnaudfonquerne.com/wp-content/uploads/2018/02/af-13022018-dsf5768-768x512.jpg 768w, https://www.arnaudfonquerne.com/wp-content/uploads/2018/02/af-13022018-dsf5768-1536x1024.jpg 1536w, https://www.arnaudfonquerne.com/wp-content/uploads/2018/02/af-13022018-dsf5768-600x400.jpg 600w" sizes="auto, (max-width: 1920px) 100vw, 1920px" /></a><a href="https://www.arnaudfonquerne.com/wp-content/uploads/2018/02/af-13022018-dsf5798.jpg" class="imagelink" title="Portrait of Pauline Androlus. Graduated from a double training in furniture design and objects at the school Boulle, and textile-materials-surface design at the school Duperré, I am a multidisciplinary designer.Paris, February 13, 2018.Portrait de Pauline Androlus. Diplômée d’une double formation en design de mobilier et d’objets à l’école Boulle, et en design textile-matériaux-surface à l’école Duperré, elle est designer pluridisciplinaire. Paris, le 13 février 2018."><img decoding="async" width="1920" height="1280" src="https://www.arnaudfonquerne.com/wp-content/uploads/2018/02/af-13022018-dsf5798.jpg" class="attachment-full size-full" alt="" loading="lazy" srcset="https://www.arnaudfonquerne.com/wp-content/uploads/2018/02/af-13022018-dsf5798.jpg 1920w, https://www.arnaudfonquerne.com/wp-content/uploads/2018/02/af-13022018-dsf5798-1280x853.jpg 1280w, https://www.arnaudfonquerne.com/wp-content/uploads/2018/02/af-13022018-dsf5798-768x512.jpg 768w, https://www.arnaudfonquerne.com/wp-content/uploads/2018/02/af-13022018-dsf5798-1536x1024.jpg 1536w, https://www.arnaudfonquerne.com/wp-content/uploads/2018/02/af-13022018-dsf5798-600x400.jpg 600w" sizes="auto, (max-width: 1920px) 100vw, 1920px" /></a><a href="https://www.arnaudfonquerne.com/wp-content/uploads/2018/02/af-13022018-l1003562.jpg" class="imagelink" title="Portraits, from left to right: Lola Day, co-founder of Banco Studio, Zaker, 21-year-old Afghan leatherworker, and Amandine Simon, cellist. Paris, February 13, 2018. 
Portraits, de gauche à droite : Lola Day, co-fondatrice chez Banco Studio, Zaker, maroquinier afghan de 21 ans, et Amandine Simon, violoncelliste. Paris, le 13 février 2018."><img decoding="async" width="1920" height="1283" src="https://www.arnaudfonquerne.com/wp-content/uploads/2018/02/af-13022018-l1003562.jpg" class="attachment-full size-full" alt="" loading="lazy" srcset="https://www.arnaudfonquerne.com/wp-content/uploads/2018/02/af-13022018-l1003562.jpg 1920w, https://www.arnaudfonquerne.com/wp-content/uploads/2018/02/af-13022018-l1003562-1280x855.jpg 1280w, https://www.arnaudfonquerne.com/wp-content/uploads/2018/02/af-13022018-l1003562-768x513.jpg 768w, https://www.arnaudfonquerne.com/wp-content/uploads/2018/02/af-13022018-l1003562-1536x1026.jpg 1536w, https://www.arnaudfonquerne.com/wp-content/uploads/2018/02/af-13022018-l1003562-600x401.jpg 600w" sizes="auto, (max-width: 1920px) 100vw, 1920px" /></a></div></div>
<!-- SERIES-GALLERY-END -->
